-15124232 (base 6) to base 16
-800fc
-11011110110100100 (base 2) to base 12
-56030
212568 (base 10) to base 15
42eb3
Convert -17023120 (base 8) to base 9.
-7367324
-197018 (base 11) to base 8
-1116114
What is -102103002 (base 5) in base 13?
-11b804
-308313 (base 10) to base 8
-1132131
-115450520 (base 6) to base 13
-6013b3
What is 7995441 (base 11) in base 15?
1364ec9
Convert 1102122201121 (base 3) to base 15.
1006a1
What is -2133232232 (base 4) in base 5?
-131414004
What is -1247 (base 12) in base 14?
-a7d
Convert 57ac5b (base 14) to base 5.
1231103110
What is 14a562a (base 11) in base 6?
131024124
Convert -223213030 (base 4) to base 16.
-2b9cc
1414221 (base 5) to base 3
1111012121
What is -3023550 (base 6) in base 10?
-143418
-1011101111010001110 (base 2) to base 8
-1357216
Convert -10011000000101101111 (base 2) to base 13.
-18a71c
-188103 (base 12) to base 6
-13104403
What is -300432222 (base 5) in base 9?
-2207582
What is 18bb84 (base 12) in base 14?
b496c
What is 20245506 (base 7) in base 10?
1692270
Convert 101011300023 (base 4) to base 12.
1600723
Convert 11000110110111010001001 (base 2) to base 5.
3132010421
-568852 (base 12) to base 14
-280338
-131331333 (base 4) to base 8
-357577
Convert -823816 (base 15) to base 3.
-102122101121110
100220112222111 (base 3) to base 16
505b6a
What is 10101000000110001000111 (base 2) in base 5?
2402230132
341b0b0 (base 12) to base 5
10024240111
Convert 45244 (base 6) to base 12.
3824
-1001010010111101110101 (base 2) to base 10
-2436981
6a276 (base 13) to base 7
1434634
Convert 11d77 (base 15) to base 11.
39942
360035 (base 7) to base 8
176525
Convert 100122000000011 (base 3) to base 2.
10011100001011010010000
Convert -60408a (base 11) to base 5.
-222043403
Convert 1011111111100010 (base 2) to base 7.
263133
-1f352 (base 16) to base 12
-61b82
What is -435332 (base 6) in base 8?
-106550
What is -24802815 (base 9) in base 8?
-56322106
Convert 232354 (base 11) to base 16.
5a1d5
What is 335c88 (base 13) in base 15?
18e4ac
2a26a8 (base 12) to base 3
1100001012202
Convert 10010101010100100 (base 2) to base 16.
12aa4
5c6cc5 (base 15) to base 11
25544aa
Convert -903044 (base 11) to base 2.
-101100010110110111100
-268a9 (base 14) to base 15
-1d243
What is 2002010100 (base 3) in base 6?
513230
What is 20b81 (base 15) in base 3?
12021110011
-1677708 (base 9) to base 12
-392538
What is 17546232 (base 8) in base 3?
21202002120000
Convert -15025604 (base 9) to base 14.
-dc1a19
Convert 20130123 (base 4) to base 15.
a3ac
32154550 (base 7) to base 5
1200031031
Convert 2433545 (base 8) to base 7.
5456005
What is 9be28 (base 15) in base 10?
495938
What is -15433524 (base 6) in base 9?
-1026137
What is 2022010302 (base 4) in base 8?
2120462
What is 73543 (base 10) in base 8?
217507
Convert -1110111011011001 (base 2) to base 12.
-2b475
Convert 1017603 (base 9) to base 5.
114343334
Convert -46686 (base 10) to base 4.
-23121132
What is 90753 (base 12) in base 11?
119022
What is -1161512 (base 9) in base 13?
-191297
Convert -2798b29 (base 12) to base 4.
-132030211101
What is 15532421 (base 6) in base 10?
556573
Convert -22c6c7 (base 13) to base 11.
-515585
-1000101111101100100 (base 2) to base 5
-33132224
5199136 (base 10) to base 14
994a2c
What is 24655 (base 10) in base 9?
36734
Convert -1a60467 (base 12) to base 14.
-a5a835
What is 104344514 (base 6) in base 14?
374c6a
Convert b7b91e (base 16) to base 11.
688420a
What is 4b4631 (base 16) in base 5?
2230330134
What is 6606604 (base 9) in base 8?
15421234
What is 2efdd (base 16) in base 10?
192477
Convert 37623 (base 9) to base 4.
12023031
What is -100101101011010000 (base 2) in base 7?
-1211625
What is 46a535 (base 11) in base 2?
10110110001000010011
85960 (base 11) to base 7
1030152
Convert 158a2 (base 11) to base 2.
101011101101000
-1111511151 (base 6) to base 7
-205024666
Convert -51dd97 (base 14) to base 13.
-75ac29
Convert 100002201120 (base 3) to base 10.
179133
2214838 (base 9) to base 8
4426344
What is 101111010110001000101 (base 2) in base 13?
424209
Convert 112200210122201 (base 3) to base 15.
a4423a
Convert -3372028 (base 9) to base 5.
-431201011
What is a8c110 (base 13) in base 15?
535a5e
Convert -489ca (base 13) to base 8.
-404603
What is 1158309 (base 13) in base 6?
310510103
Convert 474231 (base 13) to base 4.
12131220321
What is 14c7a (base 15) in base 12?
328a4
What is -34dbec (base 16) in base 13?
-943a0a
-11146 (base 8) to base 4
-1021212
What is -220001202020202 (base 3) in base 8?
-60622445
What is -3422011 (base 7) in base 12?
-186407
What is -11243133 (base 6) in base 15?
-6d1c3
What is 72a780 (base 15) in base 14?
a1cdd6
12223121110 (base 4) to base 8
6533124
What is -1778281 (base 9) in base 8?
-3632652
Convert 2144be (base 15) to base 4.
12002231102
10011000001101110100 (base 2) to base 12
260984
408725a (base 11) to base 8
33407704
Convert 283461 (base 9) to base 7.
1320550
-3031310131 (base 4) to base 16
-cdd1d
Convert -10166546 (base 8) to base 13.
-5a72a4
What is -37b232 (base 15) in base 3?
-12000122201102
-1244221031 (base 5) to base 2
-1011111000111111011000
684137 (base 10) to base 3
1021202110102
Convert 1121220120 (base 3) to base 7.
162216
Convert 1671529 (base 12) to base 9.
8631456
-10000111001011101001 (base 2) to base 13
-165049
-17920 (base 10) to base 11
-12511
-16312479 (base 10) to base 12
-5568113
477c (base 14) to base 6
133402
2222000200010 (base 3) to base 11
986466
What is 41412505 (base 6) in base 9?
2227255
What is -76116 (base 8) in base 5?
-2004242
-349068 (base 14) to base 4
-12311132310
Convert 495951 (base 14) to base 15.
349715
-4025115 (base 6) to base 4
-232132013
-605579 (base 11) to base 2
-11101101101101010100
What is -1104002323 (base 5) in base 8?
-11134274
What is 459295 (base 10) in base 7?
3622024
What is -1100010101101010000110 (base 2) in base 6?
-153154130
74757 (base 8) to base 16
79ef
-106047 (base 10) to base 8
-317077
Convert 11f8c2 (base 16) to base 12.
489716
-10435513 (base 6) to base 10
-316197
Convert 3724314 (base 8) to base 10.
1026252
Convert -3546333 (base 7) to base 10.
-448815
-1341762 (base 8) to base 4
-1130033302
What is 30569 (base 12) in base 4?
33120201
Convert -111110100100100110 (base 2) to base 13.
-8c86c
408ba (base 12) to base 6
1445554
What is 4b7b1 (base 13) in base 9?
232614
b638e (base 15) to base 3
1002100202222
444552 (base 16) to base 8
21042522
-94760 (base 14) to base 2
-1010111011100100000
-11000000110211 (base 3) to base 11
-1222418
What is -1064f (base 16) in base 8?
-203117
What is 2daad0 (base 15) in base 5?
1031304240
What is -41002530 (base 6) in base 7?
-12630264
Convert -143521413 (base 6) to base 4.
-23113310301
What is 4355431 (base 7) in base 13?
159655
What is -5b5b28 (base 12) in base 11?
-922919
What is -1020110212220 (base 3) in base 12?
-2793b0
-1b7420 (base 12) to base 14
-ca612
What is 4050b (base 13) in base 6?
2244512
What is -77282 (base 14) in base 3?
-112122220212
Convert 2100111001112 (base 3) to base 11.
783892
-246242651 (base 7) to base 16
-eda38e
What is 10000010010111111101 (base 2) in base 13?
1590ac
-2333303203 (base 4) to base 16
-bfce3
What is 2a9ef (base 16) in base 9?
285422
What is 99a92 (base 11) in base 10?
145059
What is 3420033241 (base 5) in base 6?
430250354
What is -605050 (base 8) in base 3?
-101010021002
What is -54621306 (base 7) in base 11?
-2717013
Convert -101302213203 (base 4) to base 8.
-21624743
34030341 (base 5) to base 10
298846
-230001113 (base 4) to base 16
-2c057
Convert 43427 (base 8) to base 14.
68bd
What is -2199955 (base 10) in base 3?
-11010202202211
Convert -5257074 (base 10) to base 4.
-110003131302
-4054892 (base 11) to base 3
-111111001200120
-72346 (base 12) to base 10
-149094
-20402323 (base 5) to base 12
-81a28
-1000001001100110100 (base 2) to base 16
-41334
Convert -1212560 (base 8) to base 6.
-11050240
Convert -111000000100100100 (base 2) to base 16.
-38124
Convert -13010 (base 13) to base 2.
-1000100101011101
Convert 901b (base 13) to base 15.
5cec
What is 31cd54 (base 14) in base 5?
412444223
What is 220300243 (base 5) in base 8?
3471404
What is -88455 (base 12) in base 2?
-101100000010000001
Convert 1001101100110010 (base 2) to base 6.
503534
89359 (base 12) to base 2
101100011010110101
What 